it of 4058815?
5
What is the hundreds digit of 223276?
2
What is the thousands digit of 6035014?
5
What is the ten thousands digit of 178250?
7
What is the hundreds digit of 7552418?
4
What is the hundreds digit of 6797810?
8
What is the hundreds digit of 1246368?
3
What is the hundred thousands digit of 146265?
1
What is the thousands digit of 1972103?
2
What is the units digit of 227206?
6
What is the ten thousands digit of 405400?
0
What is the millions digit of 4192989?
4
What is the hundreds digit of 1506974?
9
What is the ten thousands digit of 8008594?
0
What is the hundreds digit of 4289868?
8
What is the hundreds digit of 2678155?
1
What is the units digit of 1700217?
7
What is the ten thousands digit of 228134?
2
What is the thousands digit of 110660?
0
What is the hundred thousands digit of 230870?
2
What is the units digit of 2041149?
9
What is the tens digit of 8486217?
1
What is the units digit of 103584?
4
What is the thousands digit of 344369?
4
What is the hundred thousands digit of 14489289?
4
What is the hundreds digit of 1435701?
7
What is the hundred thousands digit of 542936?
5
What is the thousands digit of 49318?
9
What is the hundreds digit of 3641851?
8
What is the tens digit of 138699?
9
What is the units digit of 32447?
7
What is the ten thousands digit of 3757160?
5
What is the millions digit of 18177614?
8
What is the hundreds digit of 411114?
1
What is the thousands digit of 2018250?
8
What is the tens digit of 946375?
7
What is the hundreds digit of 872479?
4
What is the ten thousands digit of 4500759?
0
What is the millions digit of 12354838?
2
What is the tens digit of 401862?
6
What is the hundred thousands digit of 223519?
2
What is the units digit of 123703?
3
What is the tens digit of 57810?
1
What is the thousands digit of 10607231?
7
What is the thousands digit of 2382492?
2
What is the units digit of 3119463?
3
What is the millions digit of 3446274?
3
What is the hundred thousands digit of 3390036?
3
What is the hundred thousands digit of 8264190?
2
What is the millions digit of 22598103?
2
What is the tens digit of 33057373?
7
What is the hundred thousands digit of 1015753?
0
What is the hundreds digit of 8620448?
4
What is the millions digit of 10235810?
0
What is the ten thousands digit of 1543274?
4
What is the ten thousands digit of 118407?
1
What is the hundreds digit of 67565?
5
What is the ten thousands digit of 1656449?
5
What is the hundred thousands digit of 135906?
1
What is the hundreds digit of 73583?
5
What is the ten thousands digit of 1055485?
5
What is the ten thousands digit of 82231?
8
What is the hundreds digit of 23695939?
9
What is the thousands digit of 8301440?
1
What is the units digit of 307695?
5
What is the tens digit of 11223585?
8
What is the units digit of 6815?
5
What is the millions digit of 5237348?
5
What is the millions digit of 6736316?
6
What is the hundreds digit of 432821?
8
What is the units digit of 532505?
5
What is the hundred thousands digit of 2272831?
2
What is the ten thousands digit of 24384392?
8
What is the units digit of 11986172?
2
What is the hundred thousands digit of 269092?
2
What is the tens digit of 33714?
1
What is the hundreds digit of 10092?
0
What is the ten millions digit of 13690021?
1
What is the units digit of 4358343?
3
What is the thousands digit of 7285722?
5
What is the tens digit of 407734?
3
What is the units digit of 210495?
5
What is the hundred thousands digit of 1010910?
0
What is the hundreds digit of 51586?
5
What is the tens digit of 18152?
5
What is the millions digit of 31115809?
1
What is the hundreds digit of 174026?
0
What is the hundred thousands digit of 286799?
2
What is the units digit of 2300917?
7
What is the millions digit of 2562819?
2
What is the hundreds digit of 7533619?
6
What is the tens digit of 26799799?
9
What is the ten thousands digit of 2350858?
5
What is the tens digit of 93417?
1
What is the units digit of 15292?
2
What is the hundred thousands digit of 2221688?
2
What is the units digit of 3014232?
2
What is the ten thousands digit of 115416?
1
What is the hundreds digit of 639979?
9
What is the hundreds digit of 90539?
5
What is the millions digit of 9261705?
9
What is the hundreds digit of 79053?
0
What is the ten thousands digit of 135948?
3
What is the millions digit of 3990661?
3
What is the thousands digit of 1151372?
1
What is the units digit of 991684?
4
What is the hundred thousands digit of 221721?
2
What is the units digit of 480299?
9
What is the tens digit of 691828?
2
What is the thousands digit of 8721522?
1
What is the hundred thousands digit of 565918?
5
What is the hundreds digit of 65862?
8
What is the tens digit of 640745?
4
What is the thousands digit of 234300?
4
What is the thousands digit of 2055326?
5
What is the thousands digit of 55627?
5
What is the ten thousands digit of 3522193?
2
What is the hundreds digit of 6846819?
8
What is the millions digit of 1152389?
1
What is the hundreds digit of 4364909?
9
What is the thousands digit of 3844364?
4
What is the millions digit of 7983714?
7
What is the millions digit of 31054543?
1
What is the millions digit of 1724484?
1
What is the thousands digit of 421828?
1
What is the thousands digit of 550515?
0
What is the units digit of 41912?
2
What is the thousands digit of 5547574?
7
What is the thousands digit of 449387?
9
What is the hundreds digit of 15385516?
5
What is the tens digit of 545495?
9
What is the hundreds digit of 2161714?
7
What is the ten thousands digit of 278690?
7
What is the hundred thousands digit of 4253057?
2
What is the units digit of 142894?
4
What is the millions digit of 2206837?
2
What is the tens digit of 143516?
1
What is the thousands digit of 2774542?
4
What is the ten millions digit of 15873646?
1
What is the hundreds digit of 1359798?
7
What is the ten thousands digit of 962233?
6
What is the hundred thousands digit of 220973?
2
What is the thousands digit of 2653007?
3
What is the tens digit of 257118?
1
What is the thousands digit of 34623571?
3
What is the hundreds digit of 13757070?
0
What is the thousands digit of 26382523?
2
What is the thousands digit of 240841?
0
What is the units digit of 143990?
0
What is the millions digit of 1007416?
1
What is the hundred thousands digit of 2705926?
7
What is the units digit of 191599?
9
What is the units digit of 296984?
4
What is the thousands digit of 54173?
4
What is the hundred thousands digit of 30405001?
4
What is the thousands digit of 30100?
0
What is the tens digit of 12595?
9
What is the millions digit of 1363569?
1
What is the tens digit of 4612609?
0
What is the tens digit of 938?
3
What is the thousands digit of 12599677?
9
What is the hundred thousands digit of 5920825?
9
What is the units digit of 2024297?
7
What is the hundreds digit of 4540236?
2
What is the hundred thousands digit of 7849696?
8
What is the thousands digit of 563182?
3
What is the thousands digit of 45256?
5
What is the ten thousands digit of 228392?
2
What is the hundred thousands digit of 121130?
1
What is the hundreds digit of 3427652?
6
What is the units digit of 2571769?
9
What is the units digit of 1591?
1
What is the ten thousands digit of 703664?
0
What is the thousands digit of 1089052?
9
What is the tens digit of 1194996?
9
What is the thousands digit of 1646160?
6
What is the hundreds digit of 111494?
4
What is the tens digit of 2796568?
6
What is the tens digit of 197305?
0
What is the units digit of 14224520?
0
What is the millions digit of 3740932?
3
What is the hundred thousands digit of 213232?
2
What is the hundred thousands digit of 205424?
2
What is the ten thousands digit of 1316043?
1
What is the ten thousands digit of 3229442?
2
What is the tens digit of 1390639?
3
What is the ten thousands digit of 144454?
4
What is the tens digit of 2556440?
4
What is the hundreds digit of 889911?
9
What is the thousands digit of 87543?
7
What is the ten millions digit of 12728615?
1
What is the hundreds digit of 282168?
1
What is the hundred thousands digit of 830364?
8
What is the ten thousands digit of 716685?
1
What is the hundreds digit of 440920?
9
What is the hundred thousands digit of 27403665?
4
What is the thousands digit of 2071354?
1
What is 